{"id":78,"date":"2020-08-22T22:07:40","date_gmt":"2020-08-22T20:07:40","guid":{"rendered":"http:\/\/www.skauti-plzen.cz\/modryutes\/?page_id=78"},"modified":"2020-08-22T22:07:40","modified_gmt":"2020-08-22T20:07:40","slug":"odkazy","status":"publish","type":"page","link":"https:\/\/www.skauti-plzen.cz\/modryutes\/odkazy\/","title":{"rendered":"Odkazy"},"content":{"rendered":"\n<h1 class=\"wp-block-heading\">Odkazy<\/h1>\n\n\n\n<h2 class=\"wp-block-heading\">Jun\u00e1k \u2013 \u010desk\u00fd skaut, z. s.<\/h2>\n\n\n\n<figure class=\"wp-block-embed\"><div class=\"wp-block-embed__wrapper\">\n<blockquote class=\"wp-embedded-content\" data-secret=\"fCZ6nr1M5d\"><a href=\"https:\/\/www.skaut.cz\/\">\u00davod<\/a><\/blockquote><iframe loading=\"lazy\" class=\"wp-embedded-content\" sandbox=\"allow-scripts\" security=\"restricted\" style=\"position: absolute; clip: rect(1px, 1px, 1px, 1px);\" title=\"&#8222;\u00davod&#8220; &#8212; skaut.cz\" src=\"https:\/\/www.skaut.cz\/embed\/#?secret=rXiu6eKNNu#?secret=fCZ6nr1M5d\" data-secret=\"fCZ6nr1M5d\" width=\"580\" height=\"327\" frameborder=\"0\" marginwidth=\"0\" marginheight=\"0\" scrolling=\"no\"><\/iframe>\n<\/div><\/figure>\n\n\n\n<p>Organizace, kter\u00e1 v \u010cesku sdru\u017euje p\u0159es 58 tis\u00edc aktivn\u00edch \u010dlen\u016f. Ale jak se \u0159\u00edk\u00e1: \u201eJednou skaut, nav\u017edy skaut.\u201c, skaut\u016f je mnohem v\u00edce. Na str\u00e1nk\u00e1ch najdete mimo spoustu zaj\u00edmav\u00fdch informac\u00ed a akc\u00ed tak\u00e9 slavn\u00e9 osobnosti, kter\u00e9 ve skautu vyrostly. Zm\u00edn\u00edme t\u0159eba V\u00e1clava Havla, Ji\u0159\u00edho Menzela nebo Evu Holubovou.<\/p>\n\n\n\n<h2 class=\"wp-block-heading\">St\u0159edisko Jo\u017eky Knappa Plze\u0148, z. s.<\/h2>\n\n\n\n<figure class=\"wp-block-embed-wordpress wp-block-embed is-type-wp-embed is-provider-wordpress\"><div class=\"wp-block-embed__wrapper\">\n<blockquote class=\"wp-embedded-content\" data-secret=\"kejE1Pcvrd\"><a href=\"https:\/\/www.skauti-plzen.cz\/\">Jo\u017eky Knappa<\/a><\/blockquote><iframe loading=\"lazy\" class=\"wp-embedded-content\" sandbox=\"allow-scripts\" security=\"restricted\" style=\"position: absolute; clip: rect(1px, 1px, 1px, 1px);\" title=\"&#8222;Jo\u017eky Knappa&#8220; &#8212; St\u0159edisko Jo\u017eky Knappa\" src=\"https:\/\/www.skauti-plzen.cz\/embed\/#?secret=dfjprGVj0t#?secret=kejE1Pcvrd\" data-secret=\"kejE1Pcvrd\" width=\"580\" height=\"327\" frameborder=\"0\" marginwidth=\"0\" marginheight=\"0\" scrolling=\"no\"><\/iframe>\n<\/div><\/figure>\n\n\n\n<p>Na\u0161e mate\u0159sk\u00e9 st\u0159edisko, pod kter\u00e9 spad\u00e1me spolu s p\u011bti dal\u0161\u00edmi odd\u00edly. Najdete zde akce st\u0159ediska, v\u00fdro\u010dn\u00ed zpr\u00e1vu a dal\u0161\u00ed informace o skautingu.<\/p>\n\n\n\n<h2 class=\"wp-block-heading\">Skauting v Plzni<\/h2>\n\n\n\n<figure class=\"wp-block-embed\"><div class=\"wp-block-embed__wrapper\">\nhttp:\/\/plzen.skauting.cz\/\n<\/div><\/figure>\n\n\n\n<p>Info o skautingu obecn\u011b a o skautingu v Plzni. Seznam odd\u00edl\u016f, skautsk\u00fdch akc\u00ed v Plzni..<\/p>\n\n\n\n<h2 class=\"wp-block-heading\">Skautsk\u00fd institut<\/h2>\n\n\n\n<p>Plze\u0148:&nbsp;&nbsp;<a href=\"http:\/\/www.skautskyinstitut.cz\/si-v-plzni\/\">http:\/\/www.skautskyinstitut.cz\/si-v-plzni\/<\/a><\/p>\n\n\n\n<p>Praha:&nbsp;&nbsp;<a href=\"http:\/\/www.skautskyinstitut.cz\/\">http:\/\/www.skautskyinstitut.cz\/<\/a><\/p>\n\n\n\n<p>Skautsk\u00fd institut (SI) je organizace, kter\u00e1 po\u0159\u00e1d\u00e1 zaj\u00edmav\u00e9 akce, p\u0159edn\u00e1\u0161ky, v\u00fdstavy ur\u010den\u00e9 \u0161irok\u00e9 ve\u0159ejnosti. Mottem skaut\u016f je mimo jin\u00e9 i: \u201eZanechat sv\u011bt lep\u0161\u00edm.\u201c, co\u017e se odr\u00e1\u017e\u00ed ve filozofii SI, kter\u00fd m\u00e1 svou pobo\u010dku i v Plzni. Ur\u010dit\u011b v\u0161ak n\u011bkdy nav\u0161tivte kav\u00e1rnu SI Praha na Malostransk\u00e9m n\u00e1m\u011bst\u00ed, doporu\u010dujeme nejen super kafe :).<\/p>\n\n\n\n<h2 class=\"wp-block-heading\">Hranostaj<\/h2>\n\n\n\n<figure class=\"wp-block-embed\"><div class=\"wp-block-embed__wrapper\">\nhttps:\/\/www.hranostaj.cz\/\n<\/div><\/figure>\n\n\n\n<p>Velmi zaj\u00edmav\u00e1 skautsk\u00e1 str\u00e1nka, ale i aplikace do mobilu, ze kter\u00e9 m\u016f\u017eete \u010derpat nep\u0159ebern\u00e9 mno\u017estv\u00ed her. Tak\u00e9 my se zde inspirujeme se zde a p\u0159id\u00e1v\u00e1me na\u0161e hry.&nbsp; Doporu\u010dujeme t\u0159\u00edd\u011bn\u00ed her podle zam\u011b\u0159en\u00ed, d\u00e9lky nebo prost\u0159ed\u00ed, ve kter\u00e9m chcete hr\u00e1t.<\/p>\n","protected":false},"excerpt":{"rendered":"<p>Odkazy Jun\u00e1k \u2013 \u010desk\u00fd skaut, z. s. Organizace, kter\u00e1 v \u010cesku sdru\u017euje p\u0159es 58 tis\u00edc aktivn\u00edch \u010dlen\u016f. Ale jak se \u0159\u00edk\u00e1: \u201eJednou skaut, nav\u017edy skaut.\u201c, skaut\u016f je mnohem v\u00edce. Na str\u00e1nk\u00e1ch najdete mimo spoustu zaj\u00edmav\u00fdch informac\u00ed a akc\u00ed tak\u00e9 slavn\u00e9 osobnosti, kter\u00e9 ve skautu vyrostly. Zm\u00edn\u00edme t\u0159eba V\u00e1clava Havla, Ji\u0159\u00edho Menzela nebo Evu Holubovou. St\u0159edisko [&hellip;]<\/p>\n","protected":false},"author":1,"featured_media":0,"parent":0,"menu_order":0,"comment_status":"closed","ping_status":"closed","template":"","meta":{"footnotes":""},"class_list":["post-78","page","type-page","status-publish","hentry"],"_links":{"self":[{"href":"https:\/\/www.skauti-plzen.cz\/modryutes\/wp-json\/wp\/v2\/pages\/78","targetHints":{"allow":["GET"]}}],"collection":[{"href":"https:\/\/www.skauti-plzen.cz\/modryutes\/wp-json\/wp\/v2\/pages"}],"about":[{"href":"https:\/\/www.skauti-plzen.cz\/modryutes\/wp-json\/wp\/v2\/types\/page"}],"author":[{"embeddable":true,"href":"https:\/\/www.skauti-plzen.cz\/modryutes\/wp-json\/wp\/v2\/users\/1"}],"replies":[{"embeddable":true,"href":"https:\/\/www.skauti-plzen.cz\/modryutes\/wp-json\/wp\/v2\/comments?post=78"}],"version-history":[{"count":2,"href":"https:\/\/www.skauti-plzen.cz\/modryutes\/wp-json\/wp\/v2\/pages\/78\/revisions"}],"predecessor-version":[{"id":89,"href":"https:\/\/www.skauti-plzen.cz\/modryutes\/wp-json\/wp\/v2\/pages\/78\/revisions\/89"}],"wp:attachment":[{"href":"https:\/\/www.skauti-plzen.cz\/modryutes\/wp-json\/wp\/v2\/media?parent=78"}],"curies":[{"name":"wp","href":"https:\/\/api.w.org\/{rel}","templated":true}]}}