{"id":2,"date":"2020-09-11T11:18:16","date_gmt":"2020-09-11T09:18:16","guid":{"rendered":"https:\/\/www.skauti-plzen.cz\/11bilastrela\/?page_id=2"},"modified":"2026-02-11T01:47:35","modified_gmt":"2026-02-11T00:47:35","slug":"zkusebni-stranka","status":"publish","type":"page","link":"https:\/\/www.skauti-plzen.cz\/bilastrelka\/","title":{"rendered":"B\u00edl\u00e1 st\u0159elka"},"content":{"rendered":"\n<p class=\"has-text-align-center\">11. klub rodinn\u00e9ho skautingu B\u00edl\u00e1 st\u0159elka se \u201eosamostatnil\u201d v roce 2018. Klubovnu m\u00e1me v Hlubok\u00e9 ulici, ale nejrad\u011bji tr\u00e1v\u00edme sch\u016fzky venku. <\/p>\n\n\n\n<p class=\"has-text-align-center\">Na\u0161\u00edm c\u00edlem je v\u00e9st d\u011bti k aktivn\u00edmu zp\u016fsobu tr\u00e1ven\u00ed voln\u00e9ho \u010dasu v p\u0159\u00edrod\u011b. Vyu\u017e\u00edv\u00e1me hlavn\u011b p\u0159ilehl\u00fd lesopark Homolka.<\/p>\n\n\n\n<div class=\"wp-block-columns alignwide is-layout-flex wp-container-core-columns-is-layout-9d6595d7 wp-block-columns-is-layout-flex\">\n<div class=\"wp-block-column is-layout-flow wp-block-column-is-layout-flow\"><div class=\"wp-block-image is-resized\">\n<figure class=\"aligncenter size-large\"><img loading=\"lazy\" decoding=\"async\" width=\"952\" height=\"1024\" src=\"https:\/\/www.skauti-plzen.cz\/11bilastrela\/wp-content\/uploads\/sites\/8\/2020\/09\/bsk-952x1024.png\" alt=\"\" class=\"wp-image-15\" style=\"aspect-ratio:0.9296875;width:289px;height:auto\" srcset=\"https:\/\/www.skauti-plzen.cz\/bilastrelka\/wp-content\/uploads\/sites\/8\/2020\/09\/bsk-952x1024.png 952w, https:\/\/www.skauti-plzen.cz\/bilastrelka\/wp-content\/uploads\/sites\/8\/2020\/09\/bsk-279x300.png 279w, https:\/\/www.skauti-plzen.cz\/bilastrelka\/wp-content\/uploads\/sites\/8\/2020\/09\/bsk-768x826.png 768w, https:\/\/www.skauti-plzen.cz\/bilastrelka\/wp-content\/uploads\/sites\/8\/2020\/09\/bsk-1429x1536.png 1429w, https:\/\/www.skauti-plzen.cz\/bilastrelka\/wp-content\/uploads\/sites\/8\/2020\/09\/bsk-1905x2048.png 1905w, https:\/\/www.skauti-plzen.cz\/bilastrelka\/wp-content\/uploads\/sites\/8\/2020\/09\/bsk-1200x1290.png 1200w, https:\/\/www.skauti-plzen.cz\/bilastrelka\/wp-content\/uploads\/sites\/8\/2020\/09\/bsk-1980x2129.png 1980w\" sizes=\"auto, (max-width: 952px) 100vw, 952px\" \/><\/figure>\n<\/div><\/div>\n\n\n\n<div class=\"wp-block-column is-layout-flow wp-block-column-is-layout-flow\">\n<p class=\"has-text-align-center has-primary-color has-subtle-background-background-color has-text-color has-background has-large-font-size\"><br><a href=\"mailto:peta.faitlova@seznam.cz\"><br><\/a><br><strong>Vlasta Benediktov\u00e1<\/strong><br><em>v\u016fdkyn\u011b odd\u00edlu<\/em><br><br><br><br><\/p>\n<\/div>\n<\/div>\n","protected":false},"excerpt":{"rendered":"<p>11. klub rodinn\u00e9ho skautingu B\u00edl\u00e1 st\u0159elka se \u201eosamostatnil\u201d v roce 2018. Klubovnu m\u00e1me v Hlubok\u00e9 ulici, ale nejrad\u011bji tr\u00e1v\u00edme sch\u016fzky venku. Na\u0161\u00edm c\u00edlem je v\u00e9st d\u011bti k aktivn\u00edmu zp\u016fsobu tr\u00e1ven\u00ed voln\u00e9ho \u010dasu v p\u0159\u00edrod\u011b. Vyu\u017e\u00edv\u00e1me hlavn\u011b p\u0159ilehl\u00fd lesopark Homolka. Vlasta Benediktov\u00e1v\u016fdkyn\u011b odd\u00edlu<\/p>\n","protected":false},"author":1,"featured_media":0,"parent":0,"menu_order":0,"comment_status":"closed","ping_status":"open","template":"","meta":{"footnotes":""},"class_list":["post-2","page","type-page","status-publish","hentry"],"_links":{"self":[{"href":"https:\/\/www.skauti-plzen.cz\/bilastrelka\/wp-json\/wp\/v2\/pages\/2","targetHints":{"allow":["GET"]}}],"collection":[{"href":"https:\/\/www.skauti-plzen.cz\/bilastrelka\/wp-json\/wp\/v2\/pages"}],"about":[{"href":"https:\/\/www.skauti-plzen.cz\/bilastrelka\/wp-json\/wp\/v2\/types\/page"}],"author":[{"embeddable":true,"href":"https:\/\/www.skauti-plzen.cz\/bilastrelka\/wp-json\/wp\/v2\/users\/1"}],"replies":[{"embeddable":true,"href":"https:\/\/www.skauti-plzen.cz\/bilastrelka\/wp-json\/wp\/v2\/comments?post=2"}],"version-history":[{"count":16,"href":"https:\/\/www.skauti-plzen.cz\/bilastrelka\/wp-json\/wp\/v2\/pages\/2\/revisions"}],"predecessor-version":[{"id":96,"href":"https:\/\/www.skauti-plzen.cz\/bilastrelka\/wp-json\/wp\/v2\/pages\/2\/revisions\/96"}],"wp:attachment":[{"href":"https:\/\/www.skauti-plzen.cz\/bilastrelka\/wp-json\/wp\/v2\/media?parent=2"}],"curies":[{"name":"wp","href":"https:\/\/api.w.org\/{rel}","templated":true}]}}